-w*x = -v - j, -8 = 2*v - 0*v - 2*x. What is q(v)?
-6
Let o(z) = 12*z + 69. Let q be o(-6). Let h(t) = -7*t**3 - 3*t**2 + 8*t + 8. Let p(w) = -2*w**3 + w + 2. Let j(l) = -h(l) + 3*p(l). Give j(q).
13
Let y = 15080 - 15077. Let j(c) be the third derivative of 1/60*c**5 - 14*c**2 + 11/24*c**4 + 0 + 7/6*c**y + 0*c. What is j(-11)?
7
Let o(l) = -84*l - 125. Let k be o(4). Let j = k + 463. Let v(x) = -x**3 - 2*x**2 - x + 1. Determine v(j).
-17
Suppose 50*j - 14*j = 5040. Suppose -q = 2*w + 139, 3*q - 2*w = -605 + 196. Let g = q + j. Let v(y) = y + 2. Give v(g).
5
Suppose 5*n + 7 = 3*b + 23, 4*b + 8 = 4*n. Let f(p) = 15*p + 12. Let m(a) = 7*a + 6. Let x(j) = -6*f(j) + 13*m(j). Determine x(b).
9
Let w(g) = -2*g**2 + 57*g + 90. Let b(j) = -2*j**2 + 127*j + 30. Let x be b(0). What is w(x)?
0
Let b(v) = v**2 + 16*v + 43. Suppose -5*d = 5*h, 2*h - 14 = d - 26. Determine b(h).
-5
Let y(w) = w**3 + 6*w**2 - 8*w - 5. Let j be (-438)/(-14) - 6*4/84. Let q = 24 - j. Determine y(q).
2
Let w(p) = 17*p**2 + 18*p + 45. Let o(d) = 27*d**2 + 27*d + 68. Let c(l) = -5*o(l) + 8*w(l). Calculate c(-7).
6
Let x = 13817 - 13827. Let d(j) = -j**3 - 10*j**2 + 13*j + 5. Calculate d(x).
-125
Suppose 8*u - 44 = -10*u + 10. Let v(p) be the first derivative of -4 - 1/3*p**u - 9/2*p**2 + 15*p. What is v(-11)?
-7
Let z(b) = -154 - 3*b + 3*b + 317 - 162 + 4*b. Suppose 3*s - 12 = -s. Give z(s).
13
Let c(i) be the second derivative of 5*i**3/6 - 13*i**2/2 + 3*i. Suppose 75*x + 80 = 95*x. Determine c(x).
7
Let j = 1655 + -1642. Let s(z) = 2*z**2 - 28*z + 27. What is s(j)?
1
Let v(q) = -11*q**3 - 6*q - 6. Suppose -71 = 9*a + 19. Let u be (1/(a/(-18)))/(12/40). Let n(m) = 11*m**3 + 5*m + 5. Let y(c) = u*n(c) + 5*v(c). Determine y(1).
11
Let j(g) = -3*g + 8. Suppose -2*l + 163 = 161. Let i be -7*4*(l - (-51)/(-42)). Give j(i).
-10
Let f(a) = 33*a - 1. Let i(d) = 54*d. Let c(u) = f(u) - i(u). Give c(5).
-106
Let u(j) = -j**3 - 2*j**2 + 5*j - 3. Let h be (-6)/8*((-10 - 7) + 1). Suppose -h = 3*x, -27*k = -26*k - 3*x - 8. Give u(k).
9
Let u(f) = -5*f**2 - f. Suppose -10*l - 6 = -11*l. Suppose 0 = 8*s - 5*s - l. Suppose -4*a - s*c + 13 = 3, 9 = 3*c. Determine u(a).
-6
Let m(h) = 40*h**2 + 33*h**2 - 64*h**2 - 3*h. Let a(t) = t**2 - t. Let b(k) = 5*a(k) - m(k). Calculate b(-3).
-30
Let d(v) = 10*v**2 + 19*v - 15. Let m be 1 + (-13)/(39/(-18)). Let x(b) = 7*b**2 + 13*b - 10. Let r(j) = m*x(j) - 5*d(j). What is r(-6)?
-7
Suppose 5*i - 27 = -12. Suppose 2*s - i*s = 0. Let k(d) = 8 + 5 - 8 - 4 - d - d**2. Give k(s).
1
Suppose 426*v - 108 = 210*v + 198*v. Let j(t) = t**3 - 8*t**2 + 10*t - 22. Determine j(v).
-34
Let j(g) be the third derivative of 1/6*g**3 + 0 - 2*g**2 + 1/60*g**5 + 0*g + 1/120*g**6 + 0*g**4. Let q = 97 - 97. What is j(q)?
1
Let s(t) = t**2 - 8*t + 15. Let l(j) = -4*j**2 + 25*j - 40. Let v(i) = 3*l(i) + 8*s(i). What is v(2)?
6
Let a(j) = -j - 2. Let c be a(-8). Let f(g) = 7*g**3 - g + 3*g**3 + 6*g**2 - 3 + 5 - 17*g**3 + 0*g**2 + 6*g**3. Give f(c).
-4
Let k = 759 - 750. Suppose 0 = -4*t - 2*h - 12, 4*h + k + 0 = -3*t. Let p(x) = -x**3 - x**2 + 3*x - 4. Give p(t).
5
Let s(a) = -10*a - 31. Let t(n) = -7*n - 14. Let u(l) = 6*l + 13. Let y(w) = -3*t(w) - 4*u(w). Let v(r) = -2*s(r) + 7*y(r). Determine v(-4).
-4
Let m(r) = 12*r**2 + 85*r - 1599. Let q(a) = 2*a**2 + 14*a - 282. Let l(u) = -3*m(u) + 17*q(u). Calculate l(-8).
11
Let j be ((-20)/(-6) - 5) + 8*85/120. Let i(l) be the second derivative of -7*l**3/6 + 5*l**2/2 + 2*l. Determine i(j).
-23
Let g = -51 + 53. Let f(l) = -477*l + 950*l - g*l**2 - 480*l + 4. What is f(-4)?
0
Let b(a) = 2*a - 19. Let l(t) = 3*t - 22. Let f(s) = -7*b(s) + 6*l(s). Determine f(-2).
-7
Let m(b) = 4*b + 27. Suppose -2*r - 13*r - 12*r = 351. Determine m(r).
-25
Suppose 11 = -4*c - 3*z, 17*c - 18*c = 4*z - 7. Let g(n) = 5*n - 2. What is g(c)?
-27
Let j(n) = -3*n**2 - 11*n - 4. Let i(g) = -5*g**2 - 11*g - 1. Let l(a) = -2*i(a) + 3*j(a). Determine l(6).
-40
Let l(v) = -8*v - 131*v**2 - 170*v**2 - 7 + 6 + 304*v**2 + 11. Determine l(5).
45
Let b(t) be the first derivative of -55 - 1/2*t**2 + 4*t. Determine b(4).
0
Let r(x) = 9*x**2 + 2*x**3 - 8 - 3*x**3 - x**2 - 4*x. Suppose 4*t - 1040 = -6*t. Let y = t - 97. Determine r(y).
13
Let a be 7 + (27/45)/((-2)/10). Suppose 4*d - 28 = -a. Let p(m) be the third derivative of -m**5/60 + m**4/4 - 5*m**3/6 - m**2. Calculate p(d).
-5
Let p(l) = 0*l**2 - 8*l - 20*l + 4*l**2 - 37 + 4 + l**3 + 32. Give p(-7).
48
Let o(w) be the first derivative of -237 + 11/3*w**3 - 4*w + 11/2*w**2 - 1/4*w**4. What is o(12)?
-16
Let f(i) be the first derivative of -i**5/20 + i**4/6 - i**3/3 + 3*i**2/2 + 32*i + 6. Let j(l) be the first derivative of f(l). What is j(2)?
-1
Suppose 7*w + 6 = 27. Let s(b) = 4 + 163231*b - 163236*b - 1 + b**3 + w*b**2. What is s(-4)?
7
Let m(w) be the third derivative of 7*w**4/12 - 115*w**3/6 + 209*w**2. Let l be m(9). Let y(c) = 2*c**2 - 23*c + 13. Determine y(l).
2
Let t = 56 + -49. Suppose 0 = 2*w + 4*b - t - 19, 2*w = 4*b + 2. Let r be (-3)/(-3)*-2 + w. Let y(f) = 2*f**2 - 7*f + 4. Give y(r).
19
Let m(f) = -13*f**3 - 2*f**2 + 5*f + 13. Let p(z) = 16*z**3 + z**2 - 5*z - 14. Let i be (8/(-12))/((-4)/30). Let y(c) = i*m(c) + 4*p(c). Determine y(-6).
-21
Let z(w) be the first derivative of -w**4/4 + w**3/3 + 21*w**2/2 - 6*w - 909. What is z(5)?
-1
Suppose -64*u - 520 = -72*u. Let o(f) = -f**2 + 25 - f + 47 - u. Calculate o(0).
7
Let k(m) = -6*m + 34. Let f(u) = -6*u + 36. Let t(b) = 5*f(b) - 6*k(b). Let d(g) = g - 4. Let w(n) = 5*d(n) - t(n). Determine w(7).
-3
Let i(t) = 40 + 8 - 21 + 9 + 2*t. Determine i(0).
36
Let a(h) = 5*h**3 + h**2 - 1. Let r(s) = -9*s**2 - 11*s - 13. Let z be r(-2). Let p(u) = -u**2 - 26*u + 28. Let m be p(z). What is a(m)?
5
Let w(b) be the first derivative of -b**5/60 + 5*b**4/24 - b**3/3 - 131*b**2/2 + 19. Let h(z) be the second derivative of w(z). Calculate h(3).
4
Let q = 22 - 10. Let r(f) be the first derivative of -f**4/4 + 4*f**3 - f**2/2 + 3*f + 2022. Determine r(q).
-9
Let t be 3/(-2) + (-85)/34. Let p(d) = 5*d**3 + 10*d**2 + 9*d + 3. Let g(q) = 9*q**3 + 19*q**2 + 17*q + 5. Let x(j) = -4*g(j) + 7*p(j). Calculate x(t).
-11
Let k be ((-96)/240)/((-4)/(-30)). Let v(o) = -4*o**2 - 5. What is v(k)?
-41
Suppose -8*j + 4*j = -4, 5*p - 59 = -4*j. Let c(t) = t + 90 + 99 - 193 + 0*t. Calculate c(p).
7
Let g = 125 + -88. Suppose g*r - 24 = 29*r. Let k(t) = -18*t - 2 - 2 + 19*t. Calculate k(r).
-1
Let g(h) = h**2 - h + 6. Let x be g(0). Suppose -8 = -2*n - 3*y + 20, n + 12 = 5*y. Let l(f) = 6*f + 2*f + n*f - 14*f - 8. What is l(x)?
4
Let f(q) = q**2 + 42623 - 3*q + 0*q**2 - q**2 - 42613 + q**3 + 5*q**2. Give f(-6).
-8
Let i(q) = 222*q - 4878. Let m be i(22). Let j(f) be the first derivative of 7/2*f**2 + m*f - 5 + 1/4*f**4 + 7/3*f**3. Give j(-6).
0
Suppose 5*v - 9 = 3*k, 3*k + 5*v = 16 + 5. Let o(b) = -k + 10 + 1 - 1 - b. Let g = 7 - 13. Determine o(g).
14
Let i(a) be the first derivative of -a**3/3 + a**2/2 + 2*a + 1. Let s = -112 - -211. Suppose -88*d + s*d = 22. What is i(d)?
0
Let l(f) be the first derivative of 3/2*f**2 + 80 - 12*f. Give l(6).
6
Let u = 2 + 4. Suppose -3*o - 2*o + n = u, 4*o + 5 = n. Let w(l) = 76*l**2 + 4. Let h(c) = -837*c**2 + 2*c - 43. Let b(v) = -h(v) - 11*w(v). What is b(o)?
2
Suppose -9*u + 49 = -5. Let q be 9 - u - (-22 - 0). Suppose 3*z + 3*s + 15 = 0, 7*z = 2*z + 2*s - q. Let b(o) = 3*o + 3. Give b(z).
-12
Let r(t) = -t**2 - 18*t. Let k be r(-18). Suppose 4*b - 8 = k, -l + 0*l + b - 2 = 0. Let g(x) be the first derivative of -x**2/2 + 3*x - 76. Determine g(l).
3
Let w(t) be the first derivative of 26*t**3/3 + 7*t**2/2 + 4*t - 1662. Let a(n) = -9*n**2 - 4*n - n + 3*n - 1. Let f(i) = -7*a(i) - 2*w(i). Determine f(1).
10
Suppose 5*p - 5*l - 45 = 0, 5*p + 0*l + 3*l - 5 = 0. Let v(a) = 3 - 3 - 14 - 4 - 7*a. Let m(g) = -3*g - 6. Let w(k) = -8*m(k) + 3*v(k). Calculate w(p).
6
Let v(z) = -3 + 8 + 5*z**2 + 62*z - 66*z - 7. Give v(-3).
55
Let m(k) = -13*k + 1. Let o(z) = -11*z + 1. Let g = 455 + -452. Let y(a) = g*m(a) - 4*o(a). What is y(-1)?
-6
Suppose -5*p - 19 = 6, 0 = y - 3*p - 20. Let u = y - 11. Let q(h) = 608*h - 5 - 1200*h + 588*h. Give q(u).
19
Let n(o) = -o**2 + 10*o + 1. Let y(g) = -2*g**2 + 6*g + 3. Let c(k) = 3*n(k) - y(k). What is c(26)?
-52
Let s(d) = -